 Give q(l).
-7
Let m(n) = -n**3 - 6*n**2 + 10*n + 10. Let q be (-8)/(-16) + (-19)/(-2). Suppose -17*c = -118 - 188. Suppose -4*f = q + c. Calculate m(f).
-11
Let s(q) = 5*q - 3. Let o(i) = -5*i - 30. Let l(z) = 39*z + 240. Let g(v) = -4*l(v) - 33*o(v). Let j be g(-3). What is s(j)?
12
Let x(v) = -v**3 + 10*v**2 + v - 9. Suppose -46*k + 494 = -1622. Suppose 0 = -k*z - 1 + 461. Determine x(z).
1
Let p(j) be the second derivative of 28*j**2 - 29*j**2 - j**3 + 47*j - 9*j. Let w(a) = -a**3 - 8*a**2 + 8*a - 11. Let d be w(-9). Give p(d).
10
Let k(j) = -9*j**3 + 35*j**2 - 79*j + 51. Let b(u) = -5*u**3 + 18*u**2 - 42*u + 26. Let h(o) = 11*b(o) - 6*k(o). Calculate h(-13).
-7
Let u(p) = -2*p**2 - 51*p + 95. Let r be u(-27). Suppose 0 = 6*g - 20*g + r. Let f(l) be the second derivative of -l**4/6 - l**2/2 + l. Determine f(g).
-3
Let x(z) = 5*z**2 - 4*z**2 - 635*z + z**3 - 1 + 635*z. Let i(u) = -u**2 - 11*u - 29. Let p be i(-4). Calculate x(p).
-1
Let f(b) = -593*b - 1177. Let a be f(-2). Suppose -12 = -4*s + 4. Let o(k) = -2 + 4 + 9*k + s - k**2. What is o(a)?
6
Suppose 268*y = 270*y - 358. Let n = y + -181. Let c(o) = 5*o - 1. Give c(n).
-11
Let t be -15 + 0 + (242 - 231). Let s(f) = -f**3 - 7*f**2 - 4*f - 8. Give s(t).
-40
Let i(f) = 3*f + 4 + 1 - 6*f + 2*f. Let t = 42 + -33. Suppose 8*b + 4 = t*b. What is i(b)?
1
Let s(b) be the third derivative of b**6/120 + 23*b**5/60 + 5*b**4/3 - 3*b**3/2 - 6*b**2 - b + 82. What is s(-21)?
33
Let v(n) be the third derivative of 0 - 34*n**2 + 0*n + 1/30*n**5 - n**3 + 7/24*n**4 - 1/120*n**6. Calculate v(4).
-10
Let v(a) = -a**2 - 4*a - 1. Suppose -5*r - 2*r = 602. Let b = -91 - r. Determine v(b).
-6
Let k(s) = s**3 - 7*s**2 + 6*s + 1. Let o be (13/(-26))/(1/(-10)). Suppose -3*l = 3*c, -3*l - o*c + 3*c + 5 = 0. Calculate k(l).
-19
Let f(p) be the second derivative of 5*p**3/2 + 4*p**2 + 1860*p. Calculate f(-4).
-52
Let d(n) = n**3 + n**2. Let j(x) = -719*x**3 - 5*x + 4*x**2 + 364*x**3 + 3 + 6*x**2 + 361*x**3. Let g(r) = -5*d(r) + j(r). Give g(-6).
-3
Let v(i) be the second derivative of 0*i**2 - 7/12*i**4 - 1/20*i**5 + 0 + 5/3*i**3 - 49*i. Calculate v(-8).
-16
Suppose -5*q - 218 = 3*t, 3*q = -q + 2*t - 192. Let c = 48 + q. Let z(x) = -2*x - 1. Give z(c).
-5
Let s be 4/7 - 17009/30660. Let j(q) be the third derivative of -s*q**5 + 0*q**3 + 1/24*q**4 - 31*q**2 + 0*q + 0 - 1/120*q**6. Give j(-2).
2
Let k(p) = -8*p - 4. Let q(o) = -o - 1. Let f(j) = 2*k(j) - 6*q(j). Let v = -379 + 381. Suppose v*m - 22 = 4*u - 4, -11 = -2*u - 3*m. Give f(u).
18
Suppose 0 = -5*n + 5*i - 210, 4*n + 5*i + 168 = -63. Let c(q) = -q**3 - 48*q**2 + 46*q - 145. What is c(n)?
2
Suppose n - 13 = 16. Let h = n + -24. Let u(c) = c**2 + 0*c - 4*c - c + h - 9. Calculate u(6).
2
Let z(v) = -49*v - 683. Let b be z(-14). Let g(n) be the third derivative of 7*n**4/24 - n**3/3 - n**2. Determine g(b).
19
Let d(m) = 3*m**2 + 3*m + 6. Let c(b) = 126*b**2 + 3403*b + 25. Let u be c(-27). What is d(u)?
12
Let o(p) be the second derivative of -p**6/240 - p**5/120 + 19*p**4/3 + 2*p - 53. Let u(t) be the third derivative of o(t). Let v = -1 - 0. Determine u(v).
2
Let p(q) = -q**2 - 2*q - 1. Let b(t) = -t**2 - t. Let f(h) = 3*b(h) - 2*p(h). Let z = 819 + -815. Suppose 4*c - z = -4*w, 3*w - 1 = -c - 2. Determine f(c).
0
Let i = 11318 - 11325. Let p(x) be the first derivative of -x**2/2 - 15*x - 2. Let a(s) = -2*s - 31. Let t(h) = 2*a(h) - 5*p(h). Give t(i).
6
Let t(s) = s - 4. Let i(a) = -3*a - 24. Let p be i(-8). Let d be p + 4 - 2/(4/(-10)). What is t(d)?
5
Let w(a) = -a**2 + 21*a - 94. Let g(m) = -36*m**3 - 107*m**2 - 12*m - 40. Let c be g(-3). Determine w(c).
-14
Let o(j) = j**2 - 2*j + 4. Let s be 4/((-4)/3 + 2). Let y be s/(-30)*(-15 + 0). Suppose -y*f + 12 = -0. Give o(f).
12
Let p = 118 - 115. Let r(v) = -3*v + v**2 + p + v - 5*v + 6. Give r(4).
-3
Let t(s) = 2197*s + 16*s**2 - 2184*s - s**3 + 0*s**3 + 15 - s**2. Give t(16).
-33
Let m(y) = 117*y - 327. Let n(j) = 74*j - 328. Let p(w) = 2*m(w) - 3*n(w). Calculate p(-27).
6
Let g(z) = 11*z**2 + 4*z - 205. Let a(p) = -7*p**2 - 2*p + 132. Let x(m) = 8*a(m) + 5*g(m). Calculate x(-7).
-46
Let x(j) = j**3 - 11*j**2 + 8*j + 20. Let q = -19339 - -19349. Give x(q).
0
Let b(l) be the second derivative of -l**4/12 - 5*l**3/3 - 7*l**2 + 5*l - 29. Calculate b(-8).
2
Let k = 634 + -642. Let q be k - (4 - 17/((-102)/(-36))). Let g(s) = 2*s - 3. What is g(q)?
-15
Let b(x) = -x**3 - 9*x**2 - 7*x + 2. Let t(p) = -p - 1. Let n be t(-4). Suppose -n*m - 11 = 5*k + 17, 4*m = -4*k - 16. Give b(k).
-6
Suppose 2*w = -3*i - 25, 353*w = 351*w - i - 19. Let n(a) = a**2 - 2*a - 13. Determine n(w).
67
Let o(u) = u**3 + 3*u**2 - 5*u - 9. Let g(k) = -3 + k**3 + 6*k**2 - 309*k + 316*k + 9. Let f be g(-5). What is o(f)?
-5
Let u(z) = z**3 - 18*z**2 + 3*z + 21. Let g = -26170 - -26188. What is u(g)?
75
Suppose 0 = 5*f + 2*j + 147 - 190, -2*f = 2*j - 22. Let u(x) = -x**3 + 9*x**2 - 8*x + 2. Determine u(f).
44
Let o(m) = m**2 - 17*m + 11. Suppose 2*b = -1 + 33. Let f be o(b). Let v be (32/(-20) - -2)*f. Let c(q) = -q**3 - 5*q**2 - 3*q - 1. Give c(v).
-7
Let g(b) = 2*b**2 + 74*b - 414. Let w be g(5). Let f(m) = -4*m + 23. Let k(v) = 1. Let c(s) = f(s) - 2*k(s). Calculate c(w).
-3
Let y(u) = -14*u**2 - 563*u - 109. Let t be y(-40). Let a(h) = -h**2 - 6*h + 27. Give a(t).
-160
Let u = 508 - 504. Let j(i) = 2*i**2 - 12. Determine j(u).
20
Let o(h) be the first derivative of -h**4/4 - 3*h**3 + 9*h**2 + 95*h - 5825. Give o(-10).
15
Let i(h) = h**2 + 8*h + 8. Let u be -25*((-2)/(-10) - 1). Suppose 6*d - 3*d - 5*k + 5 = 0, -2*d = 5*k + u. Calculate i(d).
-7
Suppose 0 = -247*x + 149*x + 196. Let v(z) be the first derivative of -x*z + 5/3*z**3 - 18 - 1/2*z**2. Calculate v(2).
16
Suppose -4*a + 12 = -4*i, 0 = 2*i - 3*a - 6 + 15. Let x(s) = -410 + 3*s + 398 - 4*s. Calculate x(i).
-12
Let h be ((-4)/6)/(-3 + (-40)/(-15)). Let f(r) = 9 - 5 + 2 - 7*r**h - 7 - r**3. Determine f(-7).
-1
Let o(g) be the second derivative of -g**4/12 + g**3/6 + 37*g**2/2 - 2*g. Let b(w) = 728*w - 10920. Let q be b(15). Calculate o(q).
37
Let w(f) = f**3 - 3*f**2 + f + 1. Suppose 26*g = 4*g - 3850. Let s = -173 - g. Determine w(s).
-1
Let v(l) = -8*l**2 + 135*l + 15. Let j = -3362 + 3379. Give v(j).
-2
Let w(y) = y**2 + y + 2. Let p = 1 + -6. Let a be 105/12 + p/(-20). Suppose 8*m = a*m. What is w(m)?
2
Let z(m) = -31*m**2 - 40*m - 20. Let u(i) = 10*i**2 + 13*i + 4. Let o(a) = -7*u(a) - 2*z(a). Calculate o(1).
-7
Let s(z) = -z**2 + 13*z - 16. Suppose 2*x - 2*b = 0, -x = -3*x + 4*b - 6. Suppose 15*v - 11*v - 36 = -x*r, -12 = -r - 3*v. What is s(r)?
-4
Suppose -38*i = -45*i - 7. Let t(q) be the third derivative of 0*q**3 - 1/60*q**5 + 8*q**2 - 1/24*q**4 + 0*q + 0. Give t(i).
0
Let g(b) = -b**2 + 8*b - 5. Let v be (-4)/6 - (-280)/6. Let o = v + -37. Suppose -o*y + 19 + 35 = 0. What is g(y)?
7
Suppose -5*y + 11 = c - 3*c, 5*c = 3*y + 1. Let h be 4 + (3/y - 0). Let v(d) = -7*d**2 + 6*d**2 + h + 0*d**2. Give v(0).
5
Suppose 0 = -2*p + p + 8. Let z(u) = u**3 - 13*u**2 - 17*u + 47. Let r be z(14). Let w(o) = o - p*o + r*o - 4. Determine w(-4).
4
Let k(u) = u**2 + 22*u - 37. Let t(n) = -2*n**2 - 46*n + 74. Let b(o) = 7*k(o) + 3*t(o). Let j be b(-18). Let z(v) = v**3 - 2*v**2 - v. What is z(j)?
-2
Let o be (8 + 10)/(-2*(20/12)/(-5)). Let h(f) = f**2 - 36*f + 243. Determine h(o).
0
Let g(u) = u**2 - 4*u + 2. Let b be 4 + (2 + -8 - 3). Let q be (-1)/(b/45) + -6. Give g(q).
-1
Let p(h) = -3*h**2 - 1645*h + 2*h**3 - h**3 - 3*h**2 + 1662*h - 14*h**2 + 23. Give p(19).
-15
Suppose -2*x = 14*x - 2206 + 2174. Let m(o) = -17*o**2 + 34*o - 5. What is m(x)?
-5
Let a(g) be the third derivative of -g**6/120 - 7*g**5/60 - 5*g**4/24 + 4*g**3/3 - 1284*g**2. Calculate a(-4).
-20
Let x(v) = v**3 + 8*v**2 + v + 11. Let n be x(-7). Let b be 1/((-17)/n) + (-12)/(-102). Let c(p) = 2*p**2 + 2*p - 3. Calculate c(b).
9
Let a(y) = 24*y - 586. Let b(z) = -11*z + 269. Let i(m) = -6*a(m) - 13*b(m). Give i(16).
3
Let m(b) = -71*b + 283. Let a(o) = 71*o - 285. Let u(i) = -4*a(i) - 3*m(i). Calculate u(4).
7
Let s(d) = d**2 - 7*d - 11. Suppose 24*l - 27*l = -5*i + 627, 4*l = -4*i + 508. Let w = i - 116. Determine s(w).
19
Let v(k) be the first derivative of k**2/2 + 5*k + 15. Let x be (-13 - -12) + (-8 - 0). Let i be 37/x